{"id":14,"date":"2024-09-25T13:18:07","date_gmt":"2024-09-25T11:18:07","guid":{"rendered":"http:\/\/bcuplock.pl\/?page_id=14"},"modified":"2025-11-05T20:35:06","modified_gmt":"2025-11-05T19:35:06","slug":"projekt-bcu","status":"publish","type":"page","link":"https:\/\/bcuplock.pl\/?page_id=14","title":{"rendered":"O projekcie"},"content":{"rendered":"<div class=\"breadcrumbs align  wp-block-bcn-breadcrumb-trail has-text-color has-background\" vocab=\"https:\/\/schema.org\/\" typeof=\"BreadcrumbList\">\n\t<span><\/span>\n\t<span property=\"itemListElement\" typeof=\"ListItem\"><a property=\"item\" typeof=\"WebPage\" title=\"Przejd\u017a do Bran\u017cowe Centrum Umiej\u0119tno\u015bci w dziedzinie Przemys\u0142 petrochemiczny.\" href=\"https:\/\/bcuplock.pl\" class=\"home\" aria-current=\"page\"><span property=\"name\">Strona g\u0142\u00f3wna<\/span><\/a><meta property=\"position\" content=\"1\"><\/span><\/div>\n\n\n<div class=\"wp-block-image\">\n<figure class=\"aligncenter size-large is-resized\"><img fetchpriority=\"high\" decoding=\"async\" width=\"1024\" height=\"576\" src=\"https:\/\/bcuplock.pl\/wp-content\/uploads\/2025\/07\/mein_bcu_logo_poziom_white-1024x576.png\" alt=\"\" class=\"wp-image-798\" style=\"width:427px;height:auto\" srcset=\"https:\/\/bcuplock.pl\/wp-content\/uploads\/2025\/07\/mein_bcu_logo_poziom_white-1024x576.png 1024w, https:\/\/bcuplock.pl\/wp-content\/uploads\/2025\/07\/mein_bcu_logo_poziom_white-300x169.png 300w, https:\/\/bcuplock.pl\/wp-content\/uploads\/2025\/07\/mein_bcu_logo_poziom_white-768x432.png 768w, https:\/\/bcuplock.pl\/wp-content\/uploads\/2025\/07\/mein_bcu_logo_poziom_white-1536x864.png 1536w, https:\/\/bcuplock.pl\/wp-content\/uploads\/2025\/07\/mein_bcu_logo_poziom_white-2048x1152.png 2048w\" sizes=\"(max-width: 1024px) 100vw, 1024px\" \/><\/figure>\n<\/div>\n\n\n<h2 class=\"wp-block-heading has-text-align-center\"><strong>\u201eBran\u017cowe Centrum Umiej\u0119tno\u015bci dla bran\u017cy petrochemicznej<\/strong> <br>w Zespole Szk\u00f3\u0142 Centrum Edukacji im. Ignacego \u0141ukasiewicza w P\u0142ocku<strong>&#8221; <\/strong><\/h2>\n\n\n\n<div style=\"height:60px\" aria-hidden=\"true\" class=\"wp-block-spacer\"><\/div>\n\n\n\n<p><strong>Okres realizacji: <\/strong>1 maja 2023 r. \u2013 30 wrze\u015bnia 2026 r.<strong><br>Dziedzina: <\/strong>Przemys\u0142 petrochemiczny<br><strong>\u0179r\u00f3d\u0142o finansowania:<\/strong> <a href=\"https:\/\/www.frse.org.pl\/kpo-bcu\">Krajowy Plan Odbudowy i Zwi\u0119kszania Odporno\u015bci (KPO)<\/a><strong><br>Jednostka realizuj\u0105ca projekt: <\/strong><a href=\"https:\/\/centrumedukacji.pl\">Centrum Edukacji Sp. z o.o.<\/a><strong><br>Partnerzy projektu: <\/strong><a href=\"https:\/\/www.orlen.pl\/pl\">ORLEN S.A.<\/a>, <a href=\"https:\/\/sitpchem.org.pl\/\">Stowarzyszenie In\u017cynier\u00f3w i Technik\u00f3w Przemys\u0142u Chemicznego (SITPChem)<\/a><\/p>\n\n\n\n<hr class=\"wp-block-separator has-alpha-channel-opacity is-style-default\"\/>\n\n\n\n<p><strong>Cel projektu<\/strong><\/p>\n\n\n\n<p>Celem projektu jest wsparcie rozwoju kadr dla nowoczesnej gospodarki poprzez utworzenie i rozw\u00f3j Bran\u017cowego Centrum Umiej\u0119tno\u015bci (BCU) dla bran\u017cy petrochemicznej. Projekt ma na celu przygotowanie wykwalifikowanych specjalist\u00f3w odpowiadaj\u0105cych na potrzeby rynku pracy w sektorze przemys\u0142u petrochemicznego. <br><br>W ramach realizacji projektu zaplanowano przeszkolenie \u0142\u0105cznie 300 uczestnik\u00f3w:<\/p>\n\n\n\n<ul class=\"wp-block-list\">\n<li>90 os\u00f3b m\u0142odych (w wieku szkolnym lub wchodz\u0105cych na rynek pracy),<\/li>\n\n\n\n<li>180 os\u00f3b doros\u0142ych,<\/li>\n\n\n\n<li>30 nauczycieli kszta\u0142cenia zawodowego.<\/li>\n<\/ul>\n\n\n\n<hr class=\"wp-block-separator has-alpha-channel-opacity is-style-default\"\/>\n\n\n\n<p><strong>Zakres dzia\u0142a\u0144 projektowych<\/strong><\/p>\n\n\n\n<ol start=\"1\" class=\"wp-block-list\">\n<li>Dzia\u0142alno\u015b\u0107 edukacyjno-szkoleniowa \u2013 realizacja specjalistycznych kurs\u00f3w i szkole\u0144 zawodowych dostosowanych do potrzeb bran\u017cy petrochemicznej.<\/li>\n\n\n\n<li>Dzia\u0142alno\u015b\u0107 integruj\u0105co-wspieraj\u0105ca \u2013 budowanie wsp\u00f3\u0142pracy mi\u0119dzy edukacj\u0105, przemys\u0142em i instytucjami wspieraj\u0105cymi rynek pracy.<\/li>\n\n\n\n<li>Dzia\u0142alno\u015b\u0107 innowacyjno-rozwojowa \u2013 wdra\u017canie nowych rozwi\u0105za\u0144 dydaktycznych i technologicznych w kszta\u0142ceniu zawodowym.<\/li>\n\n\n\n<li>Dzia\u0142alno\u015b\u0107 doradczo-promocyjna \u2013 promowanie dobrych praktyk i wspieranie uczestnik\u00f3w w planowaniu \u015bcie\u017cek rozwoju zawodowego.<\/li>\n<\/ol>\n\n\n\n<hr class=\"wp-block-separator has-alpha-channel-opacity is-style-default\"\/>\n\n\n\n<p><strong>Etapy realizacji projektu<\/strong><\/p>\n\n\n\n<ol start=\"1\" class=\"wp-block-list\">\n<li><strong>Dzia\u0142ania inwestycyjne:<\/strong>\n<ul class=\"wp-block-list\">\n<li>adaptacja istniej\u0105cej infrastruktury szkolnej na potrzeby BCU,<\/li>\n\n\n\n<li>zagospodarowanie otoczenia oraz instalacje wewn\u0119trzne zgodnie z wymogami prawa budowlanego i zasad\u0105 DNSH (do no significant harm \u2013 nieczynienia powa\u017cnej szkody \u015brodowisku).<\/li>\n<\/ul>\n<\/li>\n\n\n\n<li><strong>Wyposa\u017cenie Centrum:<\/strong>\n<ul class=\"wp-block-list\">\n<li>zakup nowoczesnego sprz\u0119tu, urz\u0105dze\u0144 technicznych oraz materia\u0142\u00f3w eksploatacyjnych niezb\u0119dnych do realizacji szkole\u0144.<\/li>\n<\/ul>\n<\/li>\n\n\n\n<li><strong>Budowa struktury instytucjonalnej:<\/strong>\n<ul class=\"wp-block-list\">\n<li>wpisanie BCU do systemu o\u015bwiaty,<\/li>\n\n\n\n<li>powo\u0142anie Rady BCU,<\/li>\n\n\n\n<li>zatrudnienie zespo\u0142u ekspert\u00f3w, szkoleniowc\u00f3w i kadry zarz\u0105dzaj\u0105cej,<\/li>\n\n\n\n<li>opracowanie program\u00f3w kurs\u00f3w i materia\u0142\u00f3w edukacyjnych.<\/li>\n<\/ul>\n<\/li>\n<\/ol>\n\n\n\n<hr class=\"wp-block-separator has-alpha-channel-opacity is-style-default\"\/>\n\n\n\n<p>Projekt stanowi odpowied\u017a na rosn\u0105ce zapotrzebowanie na wysoko wykwalifikowane kadry w sektorze przemys\u0142u petrochemicznego i jest elementem strategicznego wsparcia kompetencji zawodowych w ramach reform edukacyjnych i gospodarczych finansowanych z KPO.<\/p>\n","protected":false},"excerpt":{"rendered":"<p>\u201eBran\u017cowe Centrum Umiej\u0119tno\u015bci dla bran\u017cy petrochemicznej w Zespole Szk\u00f3\u0142 Centrum Edukacji im. Ignacego \u0141ukasiewicza w P\u0142ocku&#8221; Okres realizacji: 1 maja 2023 r. \u2013 30 wrze\u015bnia 2026 r.Dziedzina: Przemys\u0142 petrochemiczny\u0179r\u00f3d\u0142o finansowania: Krajowy Plan Odbudowy i Zwi\u0119kszania Odporno\u015bci (KPO)Jednostka realizuj\u0105ca projekt: Centrum Edukacji Sp. z o.o.Partnerzy projektu: ORLEN S.A., Stowarzyszenie In\u017cynier\u00f3w i Technik\u00f3w Przemys\u0142u Chemicznego (SITPChem) Cel&#8230;<\/p>\n","protected":false},"author":1,"featured_media":0,"parent":769,"menu_order":0,"comment_status":"closed","ping_status":"closed","template":"","meta":{"_kadence_starter_templates_imported_post":false,"_kad_post_transparent":"","_kad_post_title":"","_kad_post_layout":"","_kad_post_sidebar_id":"","_kad_post_content_style":"","_kad_post_vertical_padding":"","_kad_post_feature":"","_kad_post_feature_position":"","_kad_post_header":false,"_kad_post_footer":false,"_kad_post_classname":"","footnotes":""},"class_list":["post-14","page","type-page","status-publish","hentry"],"yoast_head":"<!-- This site is optimized with the Yoast SEO plugin v27.0 - https:\/\/yoast.com\/product\/yoast-seo-wordpress\/ -->\n<title>O projekcie - Bran\u017cowe Centrum Umiej\u0119tno\u015bci w dziedzinie Przemys\u0142 petrochemiczny<\/title>\n<meta name=\"robots\" content=\"index, follow, max-snippet:-1, max-image-preview:large, max-video-preview:-1\" \/>\n<link rel=\"canonical\" href=\"https:\/\/bcuplock.pl\/?page_id=14\" \/>\n<meta property=\"og:locale\" content=\"pl_PL\" \/>\n<meta property=\"og:type\" content=\"article\" \/>\n<meta property=\"og:title\" content=\"O projekcie - Bran\u017cowe Centrum Umiej\u0119tno\u015bci w dziedzinie Przemys\u0142 petrochemiczny\" \/>\n<meta property=\"og:description\" content=\"\u201eBran\u017cowe Centrum Umiej\u0119tno\u015bci dla bran\u017cy petrochemicznej w Zespole Szk\u00f3\u0142 Centrum Edukacji im. Ignacego \u0141ukasiewicza w P\u0142ocku&#8221; Okres realizacji: 1 maja 2023 r. \u2013 30 wrze\u015bnia 2026 r.Dziedzina: Przemys\u0142 petrochemiczny\u0179r\u00f3d\u0142o finansowania: Krajowy Plan Odbudowy i Zwi\u0119kszania Odporno\u015bci (KPO)Jednostka realizuj\u0105ca projekt: Centrum Edukacji Sp. z o.o.Partnerzy projektu: ORLEN S.A., Stowarzyszenie In\u017cynier\u00f3w i Technik\u00f3w Przemys\u0142u Chemicznego (SITPChem) Cel...\" \/>\n<meta property=\"og:url\" content=\"https:\/\/bcuplock.pl\/?page_id=14\" \/>\n<meta property=\"og:site_name\" content=\"Bran\u017cowe Centrum Umiej\u0119tno\u015bci w dziedzinie Przemys\u0142 petrochemiczny\" \/>\n<meta property=\"article:modified_time\" content=\"2025-11-05T19:35:06+00:00\" \/>\n<meta property=\"og:image\" content=\"https:\/\/bcuplock.pl\/wp-content\/uploads\/2025\/07\/mein_bcu_logo_poziom_white.png\" \/>\n\t<meta property=\"og:image:width\" content=\"2560\" \/>\n\t<meta property=\"og:image:height\" content=\"1440\" \/>\n\t<meta property=\"og:image:type\" content=\"image\/png\" \/>\n<meta name=\"twitter:card\" content=\"summary_large_image\" \/>\n<meta name=\"twitter:label1\" content=\"Szacowany czas czytania\" \/>\n\t<meta name=\"twitter:data1\" content=\"2 minuty\" \/>\n<script type=\"application\/ld+json\" class=\"yoast-schema-graph\">{\"@context\":\"https:\/\/schema.org\",\"@graph\":[{\"@type\":\"WebPage\",\"@id\":\"https:\/\/bcuplock.pl\/?page_id=14\",\"url\":\"https:\/\/bcuplock.pl\/?page_id=14\",\"name\":\"O projekcie - Bran\u017cowe Centrum Umiej\u0119tno\u015bci w dziedzinie Przemys\u0142 petrochemiczny\",\"isPartOf\":{\"@id\":\"https:\/\/bcuplock.pl\/#website\"},\"primaryImageOfPage\":{\"@id\":\"https:\/\/bcuplock.pl\/?page_id=14#primaryimage\"},\"image\":{\"@id\":\"https:\/\/bcuplock.pl\/?page_id=14#primaryimage\"},\"thumbnailUrl\":\"https:\/\/bcuplock.pl\/wp-content\/uploads\/2025\/07\/mein_bcu_logo_poziom_white-1024x576.png\",\"datePublished\":\"2024-09-25T11:18:07+00:00\",\"dateModified\":\"2025-11-05T19:35:06+00:00\",\"breadcrumb\":{\"@id\":\"https:\/\/bcuplock.pl\/?page_id=14#breadcrumb\"},\"inLanguage\":\"pl-PL\",\"potentialAction\":[{\"@type\":\"ReadAction\",\"target\":[\"https:\/\/bcuplock.pl\/?page_id=14\"]}]},{\"@type\":\"ImageObject\",\"inLanguage\":\"pl-PL\",\"@id\":\"https:\/\/bcuplock.pl\/?page_id=14#primaryimage\",\"url\":\"https:\/\/bcuplock.pl\/wp-content\/uploads\/2025\/07\/mein_bcu_logo_poziom_white.png\",\"contentUrl\":\"https:\/\/bcuplock.pl\/wp-content\/uploads\/2025\/07\/mein_bcu_logo_poziom_white.png\",\"width\":2560,\"height\":1440},{\"@type\":\"BreadcrumbList\",\"@id\":\"https:\/\/bcuplock.pl\/?page_id=14#breadcrumb\",\"itemListElement\":[{\"@type\":\"ListItem\",\"position\":1,\"name\":\"Strona g\u0142\u00f3wna\",\"item\":\"https:\/\/bcuplock.pl\/\"},{\"@type\":\"ListItem\",\"position\":2,\"name\":\"O BCU\",\"item\":\"https:\/\/bcuplock.pl\/?page_id=769\"},{\"@type\":\"ListItem\",\"position\":3,\"name\":\"O projekcie\"}]},{\"@type\":\"WebSite\",\"@id\":\"https:\/\/bcuplock.pl\/#website\",\"url\":\"https:\/\/bcuplock.pl\/\",\"name\":\"Bran\u017cowe Centrum Umiej\u0119tno\u015bci dla bran\u017cy petrochemicznej w P\u0142ocku\",\"description\":\"BCU P\u0142ock\",\"publisher\":{\"@id\":\"https:\/\/bcuplock.pl\/#organization\"},\"potentialAction\":[{\"@type\":\"SearchAction\",\"target\":{\"@type\":\"EntryPoint\",\"urlTemplate\":\"https:\/\/bcuplock.pl\/?s={search_term_string}\"},\"query-input\":{\"@type\":\"PropertyValueSpecification\",\"valueRequired\":true,\"valueName\":\"search_term_string\"}}],\"inLanguage\":\"pl-PL\"},{\"@type\":\"Organization\",\"@id\":\"https:\/\/bcuplock.pl\/#organization\",\"name\":\"Bran\u017cowe Centrum Umiej\u0119tno\u015bci dla bran\u017cy petrochemicznej w P\u0142ocku\",\"url\":\"https:\/\/bcuplock.pl\/\",\"logo\":{\"@type\":\"ImageObject\",\"inLanguage\":\"pl-PL\",\"@id\":\"https:\/\/bcuplock.pl\/#\/schema\/logo\/image\/\",\"url\":\"https:\/\/bcuplock.pl\/wp-content\/uploads\/2025\/09\/BCU_logo_v11.png\",\"contentUrl\":\"https:\/\/bcuplock.pl\/wp-content\/uploads\/2025\/09\/BCU_logo_v11.png\",\"width\":2062,\"height\":769,\"caption\":\"Bran\u017cowe Centrum Umiej\u0119tno\u015bci dla bran\u017cy petrochemicznej w P\u0142ocku\"},\"image\":{\"@id\":\"https:\/\/bcuplock.pl\/#\/schema\/logo\/image\/\"}}]}<\/script>\n<!-- \/ Yoast SEO plugin. -->","yoast_head_json":{"title":"O projekcie - Bran\u017cowe Centrum Umiej\u0119tno\u015bci w dziedzinie Przemys\u0142 petrochemiczny","robots":{"index":"index","follow":"follow","max-snippet":"max-snippet:-1","max-image-preview":"max-image-preview:large","max-video-preview":"max-video-preview:-1"},"canonical":"https:\/\/bcuplock.pl\/?page_id=14","og_locale":"pl_PL","og_type":"article","og_title":"O projekcie - Bran\u017cowe Centrum Umiej\u0119tno\u015bci w dziedzinie Przemys\u0142 petrochemiczny","og_description":"\u201eBran\u017cowe Centrum Umiej\u0119tno\u015bci dla bran\u017cy petrochemicznej w Zespole Szk\u00f3\u0142 Centrum Edukacji im. Ignacego \u0141ukasiewicza w P\u0142ocku&#8221; Okres realizacji: 1 maja 2023 r. \u2013 30 wrze\u015bnia 2026 r.Dziedzina: Przemys\u0142 petrochemiczny\u0179r\u00f3d\u0142o finansowania: Krajowy Plan Odbudowy i Zwi\u0119kszania Odporno\u015bci (KPO)Jednostka realizuj\u0105ca projekt: Centrum Edukacji Sp. z o.o.Partnerzy projektu: ORLEN S.A., Stowarzyszenie In\u017cynier\u00f3w i Technik\u00f3w Przemys\u0142u Chemicznego (SITPChem) Cel...","og_url":"https:\/\/bcuplock.pl\/?page_id=14","og_site_name":"Bran\u017cowe Centrum Umiej\u0119tno\u015bci w dziedzinie Przemys\u0142 petrochemiczny","article_modified_time":"2025-11-05T19:35:06+00:00","og_image":[{"width":2560,"height":1440,"url":"https:\/\/bcuplock.pl\/wp-content\/uploads\/2025\/07\/mein_bcu_logo_poziom_white.png","type":"image\/png"}],"twitter_card":"summary_large_image","twitter_misc":{"Szacowany czas czytania":"2 minuty"},"schema":{"@context":"https:\/\/schema.org","@graph":[{"@type":"WebPage","@id":"https:\/\/bcuplock.pl\/?page_id=14","url":"https:\/\/bcuplock.pl\/?page_id=14","name":"O projekcie - Bran\u017cowe Centrum Umiej\u0119tno\u015bci w dziedzinie Przemys\u0142 petrochemiczny","isPartOf":{"@id":"https:\/\/bcuplock.pl\/#website"},"primaryImageOfPage":{"@id":"https:\/\/bcuplock.pl\/?page_id=14#primaryimage"},"image":{"@id":"https:\/\/bcuplock.pl\/?page_id=14#primaryimage"},"thumbnailUrl":"https:\/\/bcuplock.pl\/wp-content\/uploads\/2025\/07\/mein_bcu_logo_poziom_white-1024x576.png","datePublished":"2024-09-25T11:18:07+00:00","dateModified":"2025-11-05T19:35:06+00:00","breadcrumb":{"@id":"https:\/\/bcuplock.pl\/?page_id=14#breadcrumb"},"inLanguage":"pl-PL","potentialAction":[{"@type":"ReadAction","target":["https:\/\/bcuplock.pl\/?page_id=14"]}]},{"@type":"ImageObject","inLanguage":"pl-PL","@id":"https:\/\/bcuplock.pl\/?page_id=14#primaryimage","url":"https:\/\/bcuplock.pl\/wp-content\/uploads\/2025\/07\/mein_bcu_logo_poziom_white.png","contentUrl":"https:\/\/bcuplock.pl\/wp-content\/uploads\/2025\/07\/mein_bcu_logo_poziom_white.png","width":2560,"height":1440},{"@type":"BreadcrumbList","@id":"https:\/\/bcuplock.pl\/?page_id=14#breadcrumb","itemListElement":[{"@type":"ListItem","position":1,"name":"Strona g\u0142\u00f3wna","item":"https:\/\/bcuplock.pl\/"},{"@type":"ListItem","position":2,"name":"O BCU","item":"https:\/\/bcuplock.pl\/?page_id=769"},{"@type":"ListItem","position":3,"name":"O projekcie"}]},{"@type":"WebSite","@id":"https:\/\/bcuplock.pl\/#website","url":"https:\/\/bcuplock.pl\/","name":"Bran\u017cowe Centrum Umiej\u0119tno\u015bci dla bran\u017cy petrochemicznej w P\u0142ocku","description":"BCU P\u0142ock","publisher":{"@id":"https:\/\/bcuplock.pl\/#organization"},"potentialAction":[{"@type":"SearchAction","target":{"@type":"EntryPoint","urlTemplate":"https:\/\/bcuplock.pl\/?s={search_term_string}"},"query-input":{"@type":"PropertyValueSpecification","valueRequired":true,"valueName":"search_term_string"}}],"inLanguage":"pl-PL"},{"@type":"Organization","@id":"https:\/\/bcuplock.pl\/#organization","name":"Bran\u017cowe Centrum Umiej\u0119tno\u015bci dla bran\u017cy petrochemicznej w P\u0142ocku","url":"https:\/\/bcuplock.pl\/","logo":{"@type":"ImageObject","inLanguage":"pl-PL","@id":"https:\/\/bcuplock.pl\/#\/schema\/logo\/image\/","url":"https:\/\/bcuplock.pl\/wp-content\/uploads\/2025\/09\/BCU_logo_v11.png","contentUrl":"https:\/\/bcuplock.pl\/wp-content\/uploads\/2025\/09\/BCU_logo_v11.png","width":2062,"height":769,"caption":"Bran\u017cowe Centrum Umiej\u0119tno\u015bci dla bran\u017cy petrochemicznej w P\u0142ocku"},"image":{"@id":"https:\/\/bcuplock.pl\/#\/schema\/logo\/image\/"}}]}},"_links":{"self":[{"href":"https:\/\/bcuplock.pl\/index.php?rest_route=\/wp\/v2\/pages\/14","targetHints":{"allow":["GET"]}}],"collection":[{"href":"https:\/\/bcuplock.pl\/index.php?rest_route=\/wp\/v2\/pages"}],"about":[{"href":"https:\/\/bcuplock.pl\/index.php?rest_route=\/wp\/v2\/types\/page"}],"author":[{"embeddable":true,"href":"https:\/\/bcuplock.pl\/index.php?rest_route=\/wp\/v2\/users\/1"}],"replies":[{"embeddable":true,"href":"https:\/\/bcuplock.pl\/index.php?rest_route=%2Fwp%2Fv2%2Fcomments&post=14"}],"version-history":[{"count":46,"href":"https:\/\/bcuplock.pl\/index.php?rest_route=\/wp\/v2\/pages\/14\/revisions"}],"predecessor-version":[{"id":1003,"href":"https:\/\/bcuplock.pl\/index.php?rest_route=\/wp\/v2\/pages\/14\/revisions\/1003"}],"up":[{"embeddable":true,"href":"https:\/\/bcuplock.pl\/index.php?rest_route=\/wp\/v2\/pages\/769"}],"wp:attachment":[{"href":"https:\/\/bcuplock.pl\/index.php?rest_route=%2Fwp%2Fv2%2Fmedia&parent=14"}],"curies":[{"name":"wp","href":"https:\/\/api.w.org\/{rel}","templated":true}]}}