{"id":219,"date":"2024-09-30T21:59:48","date_gmt":"2024-09-30T19:59:48","guid":{"rendered":"http:\/\/bcuplock.pl\/?page_id=219"},"modified":"2024-10-01T20:54:22","modified_gmt":"2024-10-01T18:54:22","slug":"zastrzezenia-prawne","status":"publish","type":"page","link":"https:\/\/bcuplock.pl\/?page_id=219","title":{"rendered":"Zastrze\u017cenia prawne"},"content":{"rendered":"\n<h2 class=\"wp-block-heading\">Zastrze\u017cenia prawne<\/h2>\n\n\n\n<p>Wszelkie prawa do ca\u0142ej zawarto\u015bci serwisu internetowego Bran\u017cowego Centrum Umiej\u0119tno\u015bci dla bran\u017cy petrochemicznej s\u0105 zastrze\u017cone. U\u017cytkownik ma prawo do pobrania oraz drukowania ca\u0142ych stron lub fragment\u00f3w serwisu internetowego Bran\u017cowego Centrum Umiej\u0119tno\u015bci, pod warunkiem nienaruszania praw autorskich oraz praw z rejestracji znak\u00f3w towarowych nale\u017c\u0105cych do Centrum Edukacji Sp. z o.o. \u017badna cz\u0119\u015b\u0107 serwisu nie mo\u017ce by\u0107 w celach komercyjnych kopiowana w ca\u0142o\u015bci lub cz\u0119\u015bci, transmitowana elektronicznie lub w inny spos\u00f3b, modyfikowana, linkowana lub wykorzystana bez uprzedniej pisemnej zgody Centrum Edukacji Sp. z o.o.<\/p>\n\n\n\n<p>Centrum Edukacji Sp. z o.o. na bie\u017c\u0105co aktualizuje informacje zawarte w serwisie, jednak nie ponosi \u017cadnej odpowiedzialno\u015bci za dok\u0142adno\u015b\u0107, aktualno\u015b\u0107 oraz kompletno\u015b\u0107 informacji przedstawionych na stronach serwisu. Jednocze\u015bnie Centrum Edukacji Sp. z o.o. zastrzega sobie prawo do wprowadzania zmian w cz\u0119\u015bci lub ca\u0142o\u015bci serwisu bez uprzedzenia. Ryzyko zwi\u0105zane z u\u017cytkowaniem i wykorzystaniem informacji przedstawionych w serwisie ponosi sam u\u017cytkownik. Centrum Edukacji Sp. z o.o. nie ponosi \u017cadnej odpowiedzialno\u015bci z tytu\u0142u wyrz\u0105dzonych szk\u00f3d b\u0119d\u0105cych rezultatem korzystania z serwisu Centrum Edukacji Sp. z o.o.<\/p>\n\n\n\n<p><\/p>\n","protected":false},"excerpt":{"rendered":"<p>Zastrze\u017cenia prawne Wszelkie prawa do ca\u0142ej zawarto\u015bci serwisu internetowego Bran\u017cowego Centrum Umiej\u0119tno\u015bci dla bran\u017cy petrochemicznej s\u0105 zastrze\u017cone. U\u017cytkownik ma prawo do pobrania oraz drukowania ca\u0142ych stron lub fragment\u00f3w serwisu internetowego Bran\u017cowego Centrum Umiej\u0119tno\u015bci, pod warunkiem nienaruszania praw autorskich oraz praw z rejestracji znak\u00f3w towarowych nale\u017c\u0105cych do Centrum Edukacji Sp. z o.o. \u017badna cz\u0119\u015b\u0107 serwisu nie&#8230;<\/p>\n","protected":false},"author":1,"featured_media":0,"parent":0,"menu_order":0,"comment_status":"closed","ping_status":"closed","template":"","meta":{"_kadence_starter_templates_imported_post":false,"_kad_post_transparent":"","_kad_post_title":"","_kad_post_layout":"","_kad_post_sidebar_id":"","_kad_post_content_style":"","_kad_post_vertical_padding":"","_kad_post_feature":"","_kad_post_feature_position":"","_kad_post_header":false,"_kad_post_footer":false,"_kad_post_classname":"","footnotes":""},"class_list":["post-219","page","type-page","status-publish","hentry"],"yoast_head":"<!-- This site is optimized with the Yoast SEO plugin v27.0 - https:\/\/yoast.com\/product\/yoast-seo-wordpress\/ -->\n<title>Zastrze\u017cenia prawne - Bran\u017cowe Centrum Umiej\u0119tno\u015bci w dziedzinie Przemys\u0142 petrochemiczny<\/title>\n<meta name=\"robots\" content=\"index, follow, max-snippet:-1, max-image-preview:large, max-video-preview:-1\" \/>\n<link rel=\"canonical\" href=\"https:\/\/bcuplock.pl\/?page_id=219\" \/>\n<meta property=\"og:locale\" content=\"pl_PL\" \/>\n<meta property=\"og:type\" content=\"article\" \/>\n<meta property=\"og:title\" content=\"Zastrze\u017cenia prawne - Bran\u017cowe Centrum Umiej\u0119tno\u015bci w dziedzinie Przemys\u0142 petrochemiczny\" \/>\n<meta property=\"og:description\" content=\"Zastrze\u017cenia prawne Wszelkie prawa do ca\u0142ej zawarto\u015bci serwisu internetowego Bran\u017cowego Centrum Umiej\u0119tno\u015bci dla bran\u017cy petrochemicznej s\u0105 zastrze\u017cone. U\u017cytkownik ma prawo do pobrania oraz drukowania ca\u0142ych stron lub fragment\u00f3w serwisu internetowego Bran\u017cowego Centrum Umiej\u0119tno\u015bci, pod warunkiem nienaruszania praw autorskich oraz praw z rejestracji znak\u00f3w towarowych nale\u017c\u0105cych do Centrum Edukacji Sp. z o.o. \u017badna cz\u0119\u015b\u0107 serwisu nie...\" \/>\n<meta property=\"og:url\" content=\"https:\/\/bcuplock.pl\/?page_id=219\" \/>\n<meta property=\"og:site_name\" content=\"Bran\u017cowe Centrum Umiej\u0119tno\u015bci w dziedzinie Przemys\u0142 petrochemiczny\" \/>\n<meta property=\"article:modified_time\" content=\"2024-10-01T18:54:22+00:00\" \/>\n<meta name=\"twitter:card\" content=\"summary_large_image\" \/>\n<meta name=\"twitter:label1\" content=\"Szacowany czas czytania\" \/>\n\t<meta name=\"twitter:data1\" content=\"1 minuta\" \/>\n<script type=\"application\/ld+json\" class=\"yoast-schema-graph\">{\"@context\":\"https:\/\/schema.org\",\"@graph\":[{\"@type\":\"WebPage\",\"@id\":\"https:\/\/bcuplock.pl\/?page_id=219\",\"url\":\"https:\/\/bcuplock.pl\/?page_id=219\",\"name\":\"Zastrze\u017cenia prawne - Bran\u017cowe Centrum Umiej\u0119tno\u015bci w dziedzinie Przemys\u0142 petrochemiczny\",\"isPartOf\":{\"@id\":\"https:\/\/bcuplock.pl\/#website\"},\"datePublished\":\"2024-09-30T19:59:48+00:00\",\"dateModified\":\"2024-10-01T18:54:22+00:00\",\"breadcrumb\":{\"@id\":\"https:\/\/bcuplock.pl\/?page_id=219#breadcrumb\"},\"inLanguage\":\"pl-PL\",\"potentialAction\":[{\"@type\":\"ReadAction\",\"target\":[\"https:\/\/bcuplock.pl\/?page_id=219\"]}]},{\"@type\":\"BreadcrumbList\",\"@id\":\"https:\/\/bcuplock.pl\/?page_id=219#breadcrumb\",\"itemListElement\":[{\"@type\":\"ListItem\",\"position\":1,\"name\":\"Strona g\u0142\u00f3wna\",\"item\":\"https:\/\/bcuplock.pl\/\"},{\"@type\":\"ListItem\",\"position\":2,\"name\":\"Zastrze\u017cenia prawne\"}]},{\"@type\":\"WebSite\",\"@id\":\"https:\/\/bcuplock.pl\/#website\",\"url\":\"https:\/\/bcuplock.pl\/\",\"name\":\"Bran\u017cowe Centrum Umiej\u0119tno\u015bci dla bran\u017cy petrochemicznej w P\u0142ocku\",\"description\":\"BCU P\u0142ock\",\"publisher\":{\"@id\":\"https:\/\/bcuplock.pl\/#organization\"},\"potentialAction\":[{\"@type\":\"SearchAction\",\"target\":{\"@type\":\"EntryPoint\",\"urlTemplate\":\"https:\/\/bcuplock.pl\/?s={search_term_string}\"},\"query-input\":{\"@type\":\"PropertyValueSpecification\",\"valueRequired\":true,\"valueName\":\"search_term_string\"}}],\"inLanguage\":\"pl-PL\"},{\"@type\":\"Organization\",\"@id\":\"https:\/\/bcuplock.pl\/#organization\",\"name\":\"Bran\u017cowe Centrum Umiej\u0119tno\u015bci dla bran\u017cy petrochemicznej w P\u0142ocku\",\"url\":\"https:\/\/bcuplock.pl\/\",\"logo\":{\"@type\":\"ImageObject\",\"inLanguage\":\"pl-PL\",\"@id\":\"https:\/\/bcuplock.pl\/#\/schema\/logo\/image\/\",\"url\":\"https:\/\/bcuplock.pl\/wp-content\/uploads\/2025\/09\/BCU_logo_v11.png\",\"contentUrl\":\"https:\/\/bcuplock.pl\/wp-content\/uploads\/2025\/09\/BCU_logo_v11.png\",\"width\":2062,\"height\":769,\"caption\":\"Bran\u017cowe Centrum Umiej\u0119tno\u015bci dla bran\u017cy petrochemicznej w P\u0142ocku\"},\"image\":{\"@id\":\"https:\/\/bcuplock.pl\/#\/schema\/logo\/image\/\"}}]}<\/script>\n<!-- \/ Yoast SEO plugin. -->","yoast_head_json":{"title":"Zastrze\u017cenia prawne - Bran\u017cowe Centrum Umiej\u0119tno\u015bci w dziedzinie Przemys\u0142 petrochemiczny","robots":{"index":"index","follow":"follow","max-snippet":"max-snippet:-1","max-image-preview":"max-image-preview:large","max-video-preview":"max-video-preview:-1"},"canonical":"https:\/\/bcuplock.pl\/?page_id=219","og_locale":"pl_PL","og_type":"article","og_title":"Zastrze\u017cenia prawne - Bran\u017cowe Centrum Umiej\u0119tno\u015bci w dziedzinie Przemys\u0142 petrochemiczny","og_description":"Zastrze\u017cenia prawne Wszelkie prawa do ca\u0142ej zawarto\u015bci serwisu internetowego Bran\u017cowego Centrum Umiej\u0119tno\u015bci dla bran\u017cy petrochemicznej s\u0105 zastrze\u017cone. U\u017cytkownik ma prawo do pobrania oraz drukowania ca\u0142ych stron lub fragment\u00f3w serwisu internetowego Bran\u017cowego Centrum Umiej\u0119tno\u015bci, pod warunkiem nienaruszania praw autorskich oraz praw z rejestracji znak\u00f3w towarowych nale\u017c\u0105cych do Centrum Edukacji Sp. z o.o. \u017badna cz\u0119\u015b\u0107 serwisu nie...","og_url":"https:\/\/bcuplock.pl\/?page_id=219","og_site_name":"Bran\u017cowe Centrum Umiej\u0119tno\u015bci w dziedzinie Przemys\u0142 petrochemiczny","article_modified_time":"2024-10-01T18:54:22+00:00","twitter_card":"summary_large_image","twitter_misc":{"Szacowany czas czytania":"1 minuta"},"schema":{"@context":"https:\/\/schema.org","@graph":[{"@type":"WebPage","@id":"https:\/\/bcuplock.pl\/?page_id=219","url":"https:\/\/bcuplock.pl\/?page_id=219","name":"Zastrze\u017cenia prawne - Bran\u017cowe Centrum Umiej\u0119tno\u015bci w dziedzinie Przemys\u0142 petrochemiczny","isPartOf":{"@id":"https:\/\/bcuplock.pl\/#website"},"datePublished":"2024-09-30T19:59:48+00:00","dateModified":"2024-10-01T18:54:22+00:00","breadcrumb":{"@id":"https:\/\/bcuplock.pl\/?page_id=219#breadcrumb"},"inLanguage":"pl-PL","potentialAction":[{"@type":"ReadAction","target":["https:\/\/bcuplock.pl\/?page_id=219"]}]},{"@type":"BreadcrumbList","@id":"https:\/\/bcuplock.pl\/?page_id=219#breadcrumb","itemListElement":[{"@type":"ListItem","position":1,"name":"Strona g\u0142\u00f3wna","item":"https:\/\/bcuplock.pl\/"},{"@type":"ListItem","position":2,"name":"Zastrze\u017cenia prawne"}]},{"@type":"WebSite","@id":"https:\/\/bcuplock.pl\/#website","url":"https:\/\/bcuplock.pl\/","name":"Bran\u017cowe Centrum Umiej\u0119tno\u015bci dla bran\u017cy petrochemicznej w P\u0142ocku","description":"BCU P\u0142ock","publisher":{"@id":"https:\/\/bcuplock.pl\/#organization"},"potentialAction":[{"@type":"SearchAction","target":{"@type":"EntryPoint","urlTemplate":"https:\/\/bcuplock.pl\/?s={search_term_string}"},"query-input":{"@type":"PropertyValueSpecification","valueRequired":true,"valueName":"search_term_string"}}],"inLanguage":"pl-PL"},{"@type":"Organization","@id":"https:\/\/bcuplock.pl\/#organization","name":"Bran\u017cowe Centrum Umiej\u0119tno\u015bci dla bran\u017cy petrochemicznej w P\u0142ocku","url":"https:\/\/bcuplock.pl\/","logo":{"@type":"ImageObject","inLanguage":"pl-PL","@id":"https:\/\/bcuplock.pl\/#\/schema\/logo\/image\/","url":"https:\/\/bcuplock.pl\/wp-content\/uploads\/2025\/09\/BCU_logo_v11.png","contentUrl":"https:\/\/bcuplock.pl\/wp-content\/uploads\/2025\/09\/BCU_logo_v11.png","width":2062,"height":769,"caption":"Bran\u017cowe Centrum Umiej\u0119tno\u015bci dla bran\u017cy petrochemicznej w P\u0142ocku"},"image":{"@id":"https:\/\/bcuplock.pl\/#\/schema\/logo\/image\/"}}]}},"_links":{"self":[{"href":"https:\/\/bcuplock.pl\/index.php?rest_route=\/wp\/v2\/pages\/219","targetHints":{"allow":["GET"]}}],"collection":[{"href":"https:\/\/bcuplock.pl\/index.php?rest_route=\/wp\/v2\/pages"}],"about":[{"href":"https:\/\/bcuplock.pl\/index.php?rest_route=\/wp\/v2\/types\/page"}],"author":[{"embeddable":true,"href":"https:\/\/bcuplock.pl\/index.php?rest_route=\/wp\/v2\/users\/1"}],"replies":[{"embeddable":true,"href":"https:\/\/bcuplock.pl\/index.php?rest_route=%2Fwp%2Fv2%2Fcomments&post=219"}],"version-history":[{"count":4,"href":"https:\/\/bcuplock.pl\/index.php?rest_route=\/wp\/v2\/pages\/219\/revisions"}],"predecessor-version":[{"id":273,"href":"https:\/\/bcuplock.pl\/index.php?rest_route=\/wp\/v2\/pages\/219\/revisions\/273"}],"wp:attachment":[{"href":"https:\/\/bcuplock.pl\/index.php?rest_route=%2Fwp%2Fv2%2Fmedia&parent=219"}],"curies":[{"name":"wp","href":"https:\/\/api.w.org\/{rel}","templated":true}]}}